 + 77795. Determine n(-272).
3
Let o(i) = -i**2 - 280*i - 17833. Determine o(-98).
3
Let h(w) = 3*w**3 - 45*w**2 - 21*w + 81. What is h(4)?
-531
Let s(c) = 107471*c - 214884. Calculate s(2).
58
Let q(r) = 196*r - 5864. Determine q(20).
-1944
Let d(b) = -b**2 - 151*b - 5618. Calculate d(-72).
70
Let a(s) = -s**3 - 6*s**2 - 31*s - 35. Determine a(-7).
231
Let m(w) = -66*w + 3913. Calculate m(62).
-179
Let b(r) = r**2 + 326*r + 7944. Give b(-24).
696
Let u(a) = -a**2 + 2099*a - 175044. What is u(87)?
0
Let p(a) = -124929*a - 249848. Calculate p(-2).
10
Let c(n) = 41*n**2 - 290*n + 16. What is c(7)?
-5
Let s(h) = -7*h**3 + 766*h**2 + 442*h - 230. Calculate s(110).
-10
Let w(l) = l**3 - 633*l**2 - 19111*l - 57604. What is w(662)?
-10
Let z(h) = 5*h**3 - 61*h**2 - 104*h + 1405. Calculate z(12).
13
Let m(r) = -6*r**2 - 1850*r - 72430. Determine m(-46).
-26
Let x(i) = -532975*i + 22917929. Determine x(43).
4
Let o(d) = d**3 + 34*d**2 + 400*d + 6303. Give o(-28).
-193
Let r(o) = -148287*o + 1482841. Calculate r(10).
-29
Let y(d) = 3*d**2 + 66*d - 7723. Calculate y(-63).
26
Let t(n) = 16*n**3 + 50*n**2 - 669*n - 2028. Calculate t(-3).
-3
Let k(j) = j**3 + 31*j**2 + 68*j - 355. What is k(-30)?
-1495
Let u(y) = 20*y**3 - 2265*y**2 + 555*y + 1104. Determine u(113).
-26
Let o(m) = 10*m**2 - 5004*m + 19855. Determine o(4).
-1
Let b(w) = -w**3 + 61*w**2 + 43*w - 7501. Give b(59).
1998
Let b(y) = y**3 - 68*y**2 + 117*y + 1189. Calculate b(66).
199
Let k(o) = 427*o + 18518. Determine k(-47).
-1551
Let b(x) = 4*x**3 + 49*x**2 + 208*x + 2877. Calculate b(-14).
-1407
Let j(u) = -u**3 + 912*u**2 - 17855*u - 5. Determine j(20).
-305
Let o(t) = -t**2 + 381*t + 2731. Calculate o(-7).
15
Let r(f) = -7544*f + 301624. Calculate r(40).
-136
Let m(o) = -1535*o + 1461. Give m(1).
-74
Let q(n) = -n**3 + 196*n**2 - 217*n + 4289. Determine q(195).
-1
Let x(m) = 565*m**2 - 39549*m - 67. Give x(70).
3
Let y(l) = -15*l**2 + 4687*l - 263379. Give y(239).
-1
Let w(q) = q**3 + 6*q**2 - 15159*q + 4652. Determine w(120).
-28
Let r(m) = 3471*m - 1919467. Calculate r(553).
-4
Let u(v) = 1699*v + 348696. Give u(-205).
401
Let c(r) = 3047*r + 338198. Determine c(-111).
-19
Let z(i) = 119*i + 2328. Determine z(-24).
-528
Let v(h) = -16*h**2 + 18*h - 63. Determine v(-9).
-1521
Let y(c) = 3*c**3 - 82*c**2 - 64*c - 359. Give y(28).
-583
Let w(b) = 2525*b + 494891. What is w(-196)?
-9
Let r(n) = -9*n**2 + 533*n - 3411. Calculate r(52).
-31
Let l(k) = -4*k**2 - 421*k - 1658. Give l(-4).
-38
Let t(g) = -g**3 - 9*g**2 + 112*g - 207. Give t(-19).
1275
Let c(o) = 98*o - 237. Determine c(-16).
-1805
Let n(z) = -6*z**3 - 45*z**2 - 17*z + 15. Determine n(-5).
-275
Let z(l) = -l**3 - 78*l**2 - 711*l + 227. Calculate z(-11).
-59
Let g(x) = 20*x**3 - 7*x**2 + 41*x - 34. Calculate g(1).
20
Let f(h) = -2*h**2 + 14027*h - 7192530. Determine f(557).
11
Let h(k) = k**3 - 117*k**2 - 7710*k + 421. What is h(164)?
93
Let v(u) = -u**3 + 253*u**2 + 743*u + 6377. Determine v(256).
-23
Let r(h) = -3*h**2 - 46*h + 7647. Calculate r(-76).
-6185
Let v(j) = 5430*j - 59284. Determine v(11).
446
Let s(p) = p**3 + 68*p**2 + 816*p + 55483. Calculate s(-68).
-5
Let f(s) = -2*s**2 + 846*s - 28551. Determine f(37).
13
Let y(h) = -4962*h - 253037. What is y(-51)?
25
Let k(v) = 2271*v + 6673. Determine k(-3).
-140
Let j(x) = x**3 + 41*x**2 - 156*x - 3014. Calculate j(-43).
-4
Let u(n) = 2073*n + 101388. Calculate u(-49).
-189
Let r(l) = 6*l**3 + 183*l**2 - 147*l - 36. Give r(1).
6
Let s(h) = 2*h**3 + 36*h**2 + 17*h - 10. Give s(-18).
-316
Let u(i) = 2*i**3 + 36*i**2 + 98*i + 830. Give u(-17).
-258
Let k(q) = 2*q**2 - 249*q + 5420. Determine k(80).
-1700
Let l(i) = -108724*i - 326177. Give l(-3).
-5
Let p(k) = 5180*k - 202169. Calculate p(39).
-149
Let w(d) = -4*d**2 + 52061*d + 520990. What is w(-10)?
-20
Let c(w) = -2*w**3 - 20*w**2 - 227*w - 1930. Calculate c(-9).
-49
Let k(m) = 2*m**2 + 140*m - 19191. Give k(-139).
-9
Let x(j) = j**3 + 5*j**2 + 6510*j - 59733. Give x(9).
-9
Let y(x) = 343*x - 42351. Determine y(115).
-2906
Let x(r) = -26*r**2 + 2016*r - 16028. Calculate x(8).
-1564
Let p(v) = -787*v**2 + 6470*v - 1388. Determine p(8).
4
Let z(g) = -16*g**2 + 2284*g + 11404. What is z(-5)?
-416
Let k(v) = v**2 + 42*v + 174. Give k(-28).
-218
Let m(s) = 6*s**2 - 1423*s + 4239. Determine m(3).
24
Let m(j) = -7420*j + 4036478. Calculate m(544).
-2
Let b(z) = -515462*z + 7731939. Calculate b(15).
9
Let d(p) = 4241315*p - 72102348. Determine d(17).
7
Let s(h) = -133*h**2 - 6521*h - 220. Calculate s(-49).
-24
Let p(q) = q**3 - 21*q**2 + 45*q - 1570. Calculate p(24).
1238
Let o(x) = -382*x**2 - 212*x - 220. Calculate o(-1).
-390
Let y(m) = m**3 + 240*m**2 + 9715*m - 11478. Calculate y(-188).
-10
Let l(z) = -13*z**2 + 102*z. Calculate l(4).
200
Let q(m) = -m**3 + 61*m**2 - 765*m - 327. Give q(43).
60
Let v(b) = 2*b**2 + 4656*b + 441352. Give v(-99).
10
Let a(x) = -76*x**2 + 319*x + 353. What is a(5)?
48
Let c(o) = -o**2 - 131*o + 14216. Determine c(70).
146
Let h(b) = -63*b**2 + 8503*b - 8179. What is h(134)?
-5
Let r(a) = a**2 - 4346*a + 494794. Give r(117).
1
Let w(c) = -8*c**2 + 360*c - 2846. Give w(37).
-478
Let j(w) = 2*w**3 + 134*w**2 + 1129*w - 103. Calculate j(-10).
7
Let g(u) = u**3 - 116*u**2 - 238*u + 389. Calculate g(118).
153
Let c(p) = 6*p**2 - 2087*p - 4184. Calculate c(-2).
14
Let z(n) = 2*n**3 - 111*n**2 - 3415*n - 95. What is z(-22)?
15
Let w(z) = z**3 + 13*z**2 - 309*z + 377. Determine w(11).
-118
Let x(v) = -v**3 - 240*v**2 - 3380*v + 9. Determine x(-15).
84
Let s(c) = -19508*c + 117036. Give s(6).
-12
Let z(x) = -36169*x - 1482918. What is z(-41)?
11
Let c(j) = -11*j**2 - 23322*j - 1535030. Calculate c(-68).
2
Let d(y) = -73661*y - 73399. Calculate d(-1).
262
Let x(s) = 1167*s + 25768. Determine x(-22).
94
Let w(x) = -412*x - 12022. Determine w(-28).
-486
Let a(p) = 1645*p - 17191. Give a(10).
-741
Let m(u) = -u**3 - 47*u**2 - 383*u + 1090. What is m(-14)?
-16
Let q(r) = 102*r - 9115. Determine q(90).
65
Let c(u) = 2*u**3 - 58*u**2 + 292*u - 8510. Give c(29).
-42
Let s(m) = m**2 - 8*m - 46345. Determine s(-211).
-136
Let u(c) = -6913*c - 34573. Determine u(-5).
-8
Let t(y) = 2364*y - 330920. Determine t(140).
40
Let o(q) = -q**3 + 62*q**2 - 598*q + 30. Give o(50).
130
Let y(s) = 838*s - 436655. Give y(521).
-57
Let b(u) = -106*u**2 + u - 725. What is b(5)?
-3370
Let d(r) = -2*r**3 - 116*r**2 - 98*r + 914. What is d(-57)?
2
Let n(z) = z**3 + 385*z**2 + 4346*z + 223490. Determine n(-375).
-10
Let k(w) = -908801*w + 4544028. Give k(5).
23
Let u(l) = 195*l + 1160. What is u(-7)?
-205
Let o(h) = h**3 + 171*h**2 + 455*h - 8373. What is o(-168)?
-141
Let x(r) = 1667*r - 190035. Give x(114).
3
Let x(d) = -17*d**3 - 69*d**2 - 330*d - 12. Give x(-5).
2038
Let j(q) = -q**2 + 92*q + 4743. Calculate j(-41).
-710
Let u(f) = 2*f**3 + 88*f**2 + 129*f - 1651. What is u(-42)?
-13
Let w(a) = a**3 + 13*a**2 - 84*a + 106. Give w(4).
42
Let w(z) = -2*z**3 + 36*z**2 + 602*z - 6105. Give w(8).
-9
Let t(u) = -97940*u - 3917608. Give t(-40).
-8
Let r(p) = 3*p**2 - 431*p + 4255. Determine r(133).
-1
Let b(h) = -1757*h + 425174. Give b(242).
-20
Let v(g) = -455*g**2 + 16376*g + 149. Determine v(36).
5
Let r(w) = -223*w - 22177. Give r(-109).
2130
Let d(t) = 8673*t - 295052. Calculate d(34).
-170
Let v(y) = -y**3 + 74*y**2 - 455*y + 3151. What is v(68)?
-45
Let a(w) = -1982*w + 8123. Determine a(4).
195
Let h(r) = -2*r**3 + 22*r**2 + 468*r - 8258. Calculate h(17).
-3770
Let k(v) = -190*v**2 + 1138*v + 37. Determine k(6).
25
Let l(b) = -2*b**3 + 62*b**2 + 54*b - 1556. Determine l(32).
-1876
Let h(o) = -225272*o + 901112. Determine h(4).
24
Let a(x) = 121*x - 8008. What is a(65)?
-143
Let n(f) = 8*f**2 - 190*f + 134. Give n(32).
2246
Let z(u) = -929*u**2 + 14913*u - 803. Give z(16).
-19
Let q(z) = -z**3 - 145*z**2 - 8159*z + 64555. Determine q(7).
-6
Let s(t) = 33*t - 2819. Determine s(75).
-344
Let j(p) = -2*p**2 - 408*p - 3171. Give j(-196).
-35
Let c(x) = 2*x**2 - 194*x - 3922. What is c(-20)?
758
Let d(r) = 11*r**2 + 13281*r - 106954. Give d(8).
-2
Let f(u) = -13*u**2 + 3205*u - 14270. Give f(242).
8
Let n(i) = 5*i**2 + 341*i - 615. Give n(-70).
15
Let v(j) = -631*j - 70734. Calculate v(-112).
-62
Let u(a) = a**3 - 2*a**2 + 37*a - 47. 